y 592.
10
Calculate the remainder when 751 is divided by 110.
91
What is the remainder when 154 is divided by 6?
4
Calculate the remainder when 53 is divided by 16.
5
What is the remainder when 48 is divided by 34?
14
Calculate the remainder when 1076 is divided by 27.
23
Calculate the remainder when 67 is divided by 33.
1
Calculate the remainder when 363 is divided by 46.
41
What is the remainder when 178 is divided by 95?
83
What is the remainder when 183 is divided by 93?
90
What is the remainder when 7197 is divided by 288?
285
What is the remainder when 3913 is divided by 5?
3
Calculate the remainder when 802 is divided by 263.
13
Calculate the remainder when 763 is divided by 17.
15
Calculate the remainder when 557 is divided by 56.
53
What is the remainder when 3467 is divided by 34?
33
Calculate the remainder when 727 is divided by 146.
143
What is the remainder when 766 is divided by 3?
1
What is the remainder when 113 is divided by 24?
17
Calculate the remainder when 135 is divided by 30.
15
What is the remainder when 641 is divided by 7?
4
What is the remainder when 187 is divided by 38?
35
Calculate the remainder when 180 is divided by 48.
36
What is the remainder when 746 is divided by 34?
32
What is the remainder when 156 is divided by 40?
36
Calculate the remainder when 212 is divided by 39.
17
Calculate the remainder when 508 is divided by 27.
22
Calculate the remainder when 229 is divided by 33.
31
Calculate the remainder when 111 is divided by 7.
6
Calculate the remainder when 92 is divided by 20.
12
Calculate the remainder when 265 is divided by 140.
125
Calculate the remainder when 165 is divided by 87.
78
What is the remainder when 152 is divided by 142?
10
Calculate the remainder when 647 is divided by 27.
26
What is the remainder when 91 is divided by 20?
11
Calculate the remainder when 3089 is divided by 257.
5
What is the remainder when 70 is divided by 31?
8
What is the remainder when 414 is divided by 27?
9
What is the remainder when 844 is divided by 13?
12
What is the remainder when 160 is divided by 14?
6
What is the remainder when 122 is divided by 21?
17
What is the remainder when 253 is divided by 63?
1
Calculate the remainder when 226 is divided by 61.
43
What is the remainder when 2188 is divided by 7?
4
Calculate the remainder when 7155 is divided by 112.
99
Calculate the remainder when 419 is divided by 6.
5
Calculate the remainder when 724 is divided by 62.
42
What is the remainder when 168 is divided by 33?
3
What is the remainder when 184 is divided by 10?
4
Calculate the remainder when 144 is divided by 43.
15
What is the remainder when 81 is divided by 6?
3
What is the remainder when 35 is divided by 20?
15
What is the remainder when 335 is divided by 55?
5
What is the remainder when 140 is divided by 13?
10
What is the remainder when 6673 is divided by 71?
70
Calculate the remainder when 2514 is divided by 72.
66
What is the remainder when 282 is divided by 71?
69
Calculate the remainder when 199 is divided by 45.
19
What is the remainder when 1008 is divided by 29?
22
What is the remainder when 375 is divided by 54?
51
Calculate the remainder when 2997 is divided by 257.
170
Calculate the remainder when 209 is divided by 47.
21
Calculate the remainder when 31 is divided by 20.
11
Calculate the remainder when 64 is divided by 22.
20
Calculate the remainder when 537 is divided by 10.
7
What is the remainder when 1987 is divided by 142?
141
What is the remainder when 353 is divided by 40?
33
What is the remainder when 1008 is divided by 11?
7
Calculate the remainder when 1041 is divided by 18.
15
Calculate the remainder when 998 is divided by 247.
10
What is the remainder when 13624 is divided by 5?
4
What is the remainder when 482 is divided by 475?
7
Calculate the remainder when 662 is divided by 328.
6
Calculate the remainder when 716 is divided by 47.
11
Calculate the remainder when 56 is divided by 16.
8
Calculate the remainder when 6463 is divided by 37.
25
What is the remainder when 302 is divided by 8?
6
What is the remainder when 1194 is divided by 46?
44
What is the remainder when 507 is divided by 288?
219
Calculate the remainder when 382 is divided by 24.
22
What is the remainder when 222 is divided by 61?
39
Calculate the remainder when 218 is divided by 35.
8
What is the remainder when 59 is divided by 2?
1
What is the remainder when 134 is divided by 16?
6
Calculate the remainder when 182 is divided by 41.
18
Calculate the remainder when 406 is divided by 20.
6
What is the remainder when 19 is divided by 5?
4
Calculate the remainder when 173 is divided by 66.
41
What is the remainder when 478 is divided by 80?
78
Calculate the remainder when 1352 is divided by 113.
109
Calculate the remainder when 681 is divided by 454.
227
What is the remainder when 1193 is divided by 46?
43
What is the remainder when 240 is divided by 84?
72
Calculate the remainder when 1022 is divided by 9.
5
Calculate the remainder when 94 is divided by 7.
3
Calculate the remainder when 364 is divided by 53.
46
Calculate the remainder when 12648 is divided by 25.
23
What is the remainder when 6120 is divided by 245?
240
Calculate the remainder when 114 is divided by 102.
12
Calculate the remainder when 760 is divided by 127.
125
Calculate the remainder when 98 is divided by 32.
2
What is the remainder when 396 is divided by 82?
68
Calculate the remainder when 236 is divided by 84.
68
Calculate the remainder when 117 is divided by 21.
12
What is the remainder when 1619 is divided by 267?
17
Calculate the remainder when 259 is divided by 254.
5
Calculate the remainder when 6126 is divided by 46.
8
What is the remainder when 1632 is divided by 538?
18
What is the remainder when 27253 is divided by 395?
393
Calculate the remainder when 61 is divided by 16.
13
What is the remainder when 1378 is divided by 32?
2
Calculate the remainder when 1635 is divided by 78.
75
Calculate the remainder when 47 is divided by 26.
21
Calculate the remainder when 638 is divided by 61.
28
What is the remainder when 44 is divided by 2?
0
What is the remainder when 164 is divided by 40?
4
Calculate the remainder when 83 is divided by 42.
41
Calculate the remainder when 624 is divided by 42.
36
What is the remainder when 43 is divided by 13?
4
What is the remainder when 25 is divided by 11?
3
Calculate the remainder when 514 is divided by 52.
46
What is the remainder when 77 is divided by 40?
37
Calculate the remainder when 66 is divided by 5.
1
Calculate the remainder when 439 is divided by 79.
44
Calculate the remainder when 119 is divided by 8.
7
Calculate the remainder when 54 is divided by 36.
18
What is the remainder when 1767 is divided by 61?
59
Calculate the remainder when 5235 is divided by 28.
27
Calculate the remainder when 165 is divided by 12.
9
What is the remainder when 896 is divided by 60?
56
Calculate the remainder when 150 is divided by 26.
20
Calculate the remainder when 244 is divided by 13.
10
Calculate the remainder when 5728 is divided by 191.
189
What is the remainder when 3633 is divided by 18?
15
Calculate the remainder when 2168 is divided by 26.
10
What is the remainder when 1007 is divided by 46?
41
What is the remainder when 613 is divided by 25?
13
Calculate the remainder when 56 is divided by 8.
0
Calculate the remainder when 64 is divided by 22.
20
Calculate the remainder when 386 is divided by 116.
38
Calculate the remainder when 2537 is divided by 20.
17
What is the remainder when 178 is divided by 54?
16
What is the remainder when 333 is divided by 184?
149
What is the remainder when 92 is divided by 52?
40
What is the remainder when 691 is divided by 77?
75
Calculate the remainder when 306 is divided by 38.
2
What is the remainder when 615 is divided by 24?
15
Calculate the remainder when 5065 is divided by 37.
33
Calculate the remainder when 78 is divided by 10.
8
What is the remainder when 3560 is divided by 108?
104
What is the remainder when 68 is divided by 7?
5
Calculate the remainder when 1062 is divided by 7.
5
What is the remainder when 223 is divided by 39?
28
What is the remainder when 1557 is divided by 28?
17
Calculate the remainder when 299 is divided by 102.
95
Calculate the remainder w